{"id":156,"date":"2015-07-16T09:12:51","date_gmt":"2015-07-16T09:12:51","guid":{"rendered":"http:\/\/test.kriesi.at\/minimal-portfolio\/?page_id=156"},"modified":"2022-08-10T10:48:02","modified_gmt":"2022-08-10T10:48:02","slug":"contact","status":"publish","type":"page","link":"https:\/\/www.lamemoriadelcabo.com\/index.php\/contact\/","title":{"rendered":"PROMUEVE"},"content":{"rendered":"<div id='av_section_1'  class='avia-section av-145nae-e484183ac2512e581c4d3ad1f4531c95 main_color avia-section-huge avia-no-shadow  avia-builder-el-0  avia-builder-el-no-sibling  avia-bg-style-scroll container_wrap fullsize'  ><div class='container av-section-cont-open' ><main  role=\"main\" itemprop=\"mainContentOfPage\"  class='template-page content  av-content-full alpha units'><div class='post-entry post-entry-type-page post-entry-156'><div class='entry-content-wrapper clearfix'>\n\n<style type=\"text\/css\" data-created_by=\"avia_inline_auto\" id=\"style-css-av-jfg5nepn-27d7c9f5e84d8c2576dd56322108bab9\">\n#top .flex_column.av-jfg5nepn-27d7c9f5e84d8c2576dd56322108bab9{\nmargin-top:0px;\nmargin-bottom:0px;\n}\n.flex_column.av-jfg5nepn-27d7c9f5e84d8c2576dd56322108bab9{\nborder-radius:0px 0px 0px 0px;\n-webkit-border-radius:0px 0px 0px 0px;\n-moz-border-radius:0px 0px 0px 0px;\n}\n.responsive #top #wrap_all .flex_column.av-jfg5nepn-27d7c9f5e84d8c2576dd56322108bab9{\nmargin-top:0px;\nmargin-bottom:0px;\n}\n<\/style>\n<div class='flex_column av-jfg5nepn-27d7c9f5e84d8c2576dd56322108bab9 av_one_full  avia-builder-el-1  el_before_av_textblock  avia-builder-el-first  first flex_column_div  av-animated-generic fade-in av-zero-column-padding '   ><style type=\"text\/css\" data-created_by=\"avia_inline_auto\" id=\"style-css-av-jg445e3r-caa04e9030fdd8ffbb3ec9b9e9b6e50c\">\n#top .av-special-heading.av-jg445e3r-caa04e9030fdd8ffbb3ec9b9e9b6e50c{\nmargin:20px 0 40px 0;\npadding-bottom:0px;\nfont-size:60px;\n}\nbody .av-special-heading.av-jg445e3r-caa04e9030fdd8ffbb3ec9b9e9b6e50c .av-special-heading-tag .heading-char{\nfont-size:25px;\n}\n#top #wrap_all .av-special-heading.av-jg445e3r-caa04e9030fdd8ffbb3ec9b9e9b6e50c .av-special-heading-tag{\nfont-size:60px;\n}\n.av-special-heading.av-jg445e3r-caa04e9030fdd8ffbb3ec9b9e9b6e50c .av-subheading{\nfont-size:15px;\n}\n\n@media only screen and (max-width: 479px){ \n#top #wrap_all .av-special-heading.av-jg445e3r-caa04e9030fdd8ffbb3ec9b9e9b6e50c .av-special-heading-tag{\nfont-size:50px;\n}\n}\n<\/style>\n<div  class='av-special-heading av-jg445e3r-caa04e9030fdd8ffbb3ec9b9e9b6e50c av-special-heading-h3 blockquote modern-quote  avia-builder-el-2  avia-builder-el-no-sibling  av-inherit-size'><h3 class='av-special-heading-tag'  itemprop=\"headline\"  >La ASOCIACI\u00d3N DE EDUCACI\u00d3N AMBIENTAL LA Z\u00c1BILA promueve el proyecto LA MEMORIA DEL CABO<\/h3><div class=\"special-heading-border\"><div class=\"special-heading-inner-border\"><\/div><\/div><\/div><\/div><section  class='av_textblock_section av-l6dm74dc-43042d2989395a7a2c872d1d402e7526'  itemscope=\"itemscope\" itemtype=\"https:\/\/schema.org\/CreativeWork\" ><div class='avia_textblock'  itemprop=\"text\" ><p><span style=\"color: #999999;\">El proyecto La Memoria del Cabo se desarrolla en el marco de la Orden de la Consejer\u00eda de Agricultura, Ganader\u00eda, Pesca y Desarrollo Sostenible, de 5 de junio de 2019, por la que se convocan para el a\u00f1o 2019 las ayudas previstas en la Orden de 19 de junio de 2017. Con fecha de 06 de octubre de 2021, la Delegaci\u00f3n Territorial de Agricultura, Ganader\u00eda y Pesca en Almer\u00eda, dict\u00f3 Resoluci\u00f3n por la que se concedi\u00f3 la ayuda a la Asociaci\u00f3n de Educaci\u00f3n Ambiental La Z\u00e1bila, acogida a la Estrategia de Desarrollo Local Participativo elaborada por el Grupo de Acci\u00f3n Local del Sector Pesquero GALP COSTA DE ALMER\u00cdA.<\/span><br \/>\n<span style=\"color: #999999;\"> El proyecto es promovido por la Asociaci\u00f3n de Educaci\u00f3n Ambiental La Z\u00e1bila, siendo la ayuda concedida cofinanciada por el Fondo Europeo Mar\u00edtimo y de la Pesca (85 %) y por la Junta de Andaluc\u00eda (15%).<\/span><\/p>\n<\/div><\/section>\n\n<style type=\"text\/css\" data-created_by=\"avia_inline_auto\" id=\"style-css-av-1kbp16-a1c07f261cbcc036fa80b732863fb7a6\">\n.flex_column.av-1kbp16-a1c07f261cbcc036fa80b732863fb7a6{\nborder-radius:0px 0px 0px 0px;\n-webkit-border-radius:0px 0px 0px 0px;\n-moz-border-radius:0px 0px 0px 0px;\n}\n<\/style>\n<div class='flex_column av-1kbp16-a1c07f261cbcc036fa80b732863fb7a6 av_one_full  avia-builder-el-4  el_after_av_textblock  el_before_av_hr  first flex_column_div  av-animated-generic bottom-to-top av-zero-column-padding column-top-margin'   ><style type=\"text\/css\" data-created_by=\"avia_inline_auto\" id=\"style-css-av-e4pe4-fb3299a23927ff95113d075b2bf1a60b\">\n#top .av-special-heading.av-e4pe4-fb3299a23927ff95113d075b2bf1a60b{\npadding-bottom:10px;\n}\nbody .av-special-heading.av-e4pe4-fb3299a23927ff95113d075b2bf1a60b .av-special-heading-tag .heading-char{\nfont-size:25px;\n}\n.av-special-heading.av-e4pe4-fb3299a23927ff95113d075b2bf1a60b .av-subheading{\nfont-size:15px;\n}\n<\/style>\n<div  class='av-special-heading av-e4pe4-fb3299a23927ff95113d075b2bf1a60b av-special-heading-h3 blockquote modern-quote  avia-builder-el-5  avia-builder-el-no-sibling '><h3 class='av-special-heading-tag'  itemprop=\"headline\"  >\u00a1Estamos esperando tu mensaje en lazabilaedam@hotmail.com! Gracias. <\/h3><div class=\"special-heading-border\"><div class=\"special-heading-inner-border\"><\/div><\/div><\/div><\/div>\n<style type=\"text\/css\" data-created_by=\"avia_inline_auto\" id=\"style-css-av-l6dmbuo5-3fac0c6d32ae8eb2c42014d9c89e5672\">\n#top .hr.hr-invisible.av-l6dmbuo5-3fac0c6d32ae8eb2c42014d9c89e5672{\nheight:50px;\n}\n<\/style>\n<div  class='hr av-l6dmbuo5-3fac0c6d32ae8eb2c42014d9c89e5672 hr-invisible  avia-builder-el-6  el_after_av_one_full  avia-builder-el-last '><span class='hr-inner '><span class=\"hr-inner-style\"><\/span><\/span><\/div>\n\n","protected":false},"excerpt":{"rendered":"","protected":false},"author":1,"featured_media":0,"parent":0,"menu_order":0,"comment_status":"open","ping_status":"closed","template":"","meta":{"footnotes":""},"class_list":["post-156","page","type-page","status-publish","hentry"],"_links":{"self":[{"href":"https:\/\/www.lamemoriadelcabo.com\/index.php\/wp-json\/wp\/v2\/pages\/156","targetHints":{"allow":["GET"]}}],"collection":[{"href":"https:\/\/www.lamemoriadelcabo.com\/index.php\/wp-json\/wp\/v2\/pages"}],"about":[{"href":"https:\/\/www.lamemoriadelcabo.com\/index.php\/wp-json\/wp\/v2\/types\/page"}],"author":[{"embeddable":true,"href":"https:\/\/www.lamemoriadelcabo.com\/index.php\/wp-json\/wp\/v2\/users\/1"}],"replies":[{"embeddable":true,"href":"https:\/\/www.lamemoriadelcabo.com\/index.php\/wp-json\/wp\/v2\/comments?post=156"}],"version-history":[{"count":16,"href":"https:\/\/www.lamemoriadelcabo.com\/index.php\/wp-json\/wp\/v2\/pages\/156\/revisions"}],"predecessor-version":[{"id":1202,"href":"https:\/\/www.lamemoriadelcabo.com\/index.php\/wp-json\/wp\/v2\/pages\/156\/revisions\/1202"}],"wp:attachment":[{"href":"https:\/\/www.lamemoriadelcabo.com\/index.php\/wp-json\/wp\/v2\/media?parent=156"}],"curies":[{"name":"wp","href":"https:\/\/api.w.org\/{rel}","templated":true}]}}

<div id='av_section_1'  class='avia-section av-145nae-e484183ac2512e581c4d3ad1f4531c95 main_color avia-section-huge avia-no-shadow  avia-builder-el-0  avia-builder-el-no-sibling  avia-bg-style-scroll container_wrap fullsize'  ><div class='container av-section-cont-open' ><main  role="main" itemprop="mainContentOfPage"  class='template-page content  av-content-full alpha units'><div class='post-entry post-entry-type-page post-entry-156'><div class='entry-content-wrapper clearfix'>

<style type="text/css" data-created_by="avia_inline_auto" id="style-css-av-jfg5nepn-27d7c9f5e84d8c2576dd56322108bab9">
#top .flex_column.av-jfg5nepn-27d7c9f5e84d8c2576dd56322108bab9{
margin-top:0px;
margin-bottom:0px;
}
.flex_column.av-jfg5nepn-27d7c9f5e84d8c2576dd56322108bab9{
border-radius:0px 0px 0px 0px;
-webkit-border-radius:0px 0px 0px 0px;
-moz-border-radius:0px 0px 0px 0px;
}
.responsive #top #wrap_all .flex_column.av-jfg5nepn-27d7c9f5e84d8c2576dd56322108bab9{
margin-top:0px;
margin-bottom:0px;
}
</style>
<div class='flex_column av-jfg5nepn-27d7c9f5e84d8c2576dd56322108bab9 av_one_full  avia-builder-el-1  el_before_av_textblock  avia-builder-el-first  first flex_column_div  av-animated-generic fade-in av-zero-column-padding '   ><style type="text/css" data-created_by="avia_inline_auto" id="style-css-av-jg445e3r-caa04e9030fdd8ffbb3ec9b9e9b6e50c">
#top .av-special-heading.av-jg445e3r-caa04e9030fdd8ffbb3ec9b9e9b6e50c{
margin:20px 0 40px 0;
padding-bottom:0px;
font-size:60px;
}
body .av-special-heading.av-jg445e3r-caa04e9030fdd8ffbb3ec9b9e9b6e50c .av-special-heading-tag .heading-char{
font-size:25px;
}
#top #wrap_all .av-special-heading.av-jg445e3r-caa04e9030fdd8ffbb3ec9b9e9b6e50c .av-special-heading-tag{
font-size:60px;
}
.av-special-heading.av-jg445e3r-caa04e9030fdd8ffbb3ec9b9e9b6e50c .av-subheading{
font-size:15px;
}

@media only screen and (max-width: 479px){ 
#top #wrap_all .av-special-heading.av-jg445e3r-caa04e9030fdd8ffbb3ec9b9e9b6e50c .av-special-heading-tag{
font-size:50px;
}
}
</style>
<div  class='av-special-heading av-jg445e3r-caa04e9030fdd8ffbb3ec9b9e9b6e50c av-special-heading-h3 blockquote modern-quote  avia-builder-el-2  avia-builder-el-no-sibling  av-inherit-size'><h3 class='av-special-heading-tag'  itemprop="headline"  >La ASOCIACIÓN DE EDUCACIÓN AMBIENTAL LA ZÁBILA promueve el proyecto LA MEMORIA DEL CABO</h3><div class="special-heading-border"><div class="special-heading-inner-border"></div></div></div></div><section  class='av_textblock_section av-l6dm74dc-43042d2989395a7a2c872d1d402e7526'  itemscope="itemscope" itemtype="https://schema.org/CreativeWork" ><div class='avia_textblock'  itemprop="text" ><p><span style="color: #999999;">El proyecto La Memoria del Cabo se desarrolla en el marco de la Orden de la Consejería de Agricultura, Ganadería, Pesca y Desarrollo Sostenible, de 5 de junio de 2019, por la que se convocan para el año 2019 las ayudas previstas en la Orden de 19 de junio de 2017. Con fecha de 06 de octubre de 2021, la Delegación Territorial de Agricultura, Ganadería y Pesca en Almería, dictó Resolución por la que se concedió la ayuda a la Asociación de Educación Ambiental La Zábila, acogida a la Estrategia de Desarrollo Local Participativo elaborada por el Grupo de Acción Local del Sector Pesquero GALP COSTA DE ALMERÍA.</span><br />
<span style="color: #999999;"> El proyecto es promovido por la Asociación de Educación Ambiental La Zábila, siendo la ayuda concedida cofinanciada por el Fondo Europeo Marítimo y de la Pesca (85 %) y por la Junta de Andalucía (15%).</span></p>
</div></section>

<style type="text/css" data-created_by="avia_inline_auto" id="style-css-av-1kbp16-a1c07f261cbcc036fa80b732863fb7a6">
.flex_column.av-1kbp16-a1c07f261cbcc036fa80b732863fb7a6{
border-radius:0px 0px 0px 0px;
-webkit-border-radius:0px 0px 0px 0px;
-moz-border-radius:0px 0px 0px 0px;
}
</style>
<div class='flex_column av-1kbp16-a1c07f261cbcc036fa80b732863fb7a6 av_one_full  avia-builder-el-4  el_after_av_textblock  el_before_av_hr  first flex_column_div  av-animated-generic bottom-to-top av-zero-column-padding column-top-margin'   ><style type="text/css" data-created_by="avia_inline_auto" id="style-css-av-e4pe4-fb3299a23927ff95113d075b2bf1a60b">
#top .av-special-heading.av-e4pe4-fb3299a23927ff95113d075b2bf1a60b{
padding-bottom:10px;
}
body .av-special-heading.av-e4pe4-fb3299a23927ff95113d075b2bf1a60b .av-special-heading-tag .heading-char{
font-size:25px;
}
.av-special-heading.av-e4pe4-fb3299a23927ff95113d075b2bf1a60b .av-subheading{
font-size:15px;
}
</style>
<div  class='av-special-heading av-e4pe4-fb3299a23927ff95113d075b2bf1a60b av-special-heading-h3 blockquote modern-quote  avia-builder-el-5  avia-builder-el-no-sibling '><h3 class='av-special-heading-tag'  itemprop="headline"  >¡Estamos esperando tu mensaje en lazabilaedam@hotmail.com! Gracias. </h3><div class="special-heading-border"><div class="special-heading-inner-border"></div></div></div></div>
<style type="text/css" data-created_by="avia_inline_auto" id="style-css-av-l6dmbuo5-3fac0c6d32ae8eb2c42014d9c89e5672">
#top .hr.hr-invisible.av-l6dmbuo5-3fac0c6d32ae8eb2c42014d9c89e5672{
height:50px;
}
</style>
<div  class='hr av-l6dmbuo5-3fac0c6d32ae8eb2c42014d9c89e5672 hr-invisible  avia-builder-el-6  el_after_av_one_full  avia-builder-el-last '><span class='hr-inner '><span class="hr-inner-style"></span></span></div>
