{"id":3,"date":"2022-03-20T20:40:53","date_gmt":"2022-03-20T20:40:53","guid":{"rendered":"https:\/\/www.lamemoriadelcabo.com\/?page_id=3"},"modified":"2022-08-17T10:08:36","modified_gmt":"2022-08-17T10:08:36","slug":"privacy-policy","status":"publish","type":"page","link":"https:\/\/www.lamemoriadelcabo.com\/index.php\/privacy-policy\/","title":{"rendered":"Pol\u00edtica privacidad y seguridad"},"content":{"rendered":"\r\n<h2 class=\"wp-block-heading\">Qui\u00e9nes somos<\/h2>\r\n\r\n\r\n\r\n<p>La direcci\u00f3n de nuestro sitio web es: https:\/\/www.lamemoriadelcabo.com.<\/p>\r\n\r\n\r\n\r\n<h2 class=\"wp-block-heading\">Sobre comentarios<\/h2>\r\n<p>Cuando los visitantes dejan comentarios en el sitio, recopilamos los datos que se muestran en el formulario de comentarios, y tambi\u00e9n la direcci\u00f3n IP del visitante y la cadena del agente de usuario del navegador para ayudar a la detecci\u00f3n de spam.<\/p>\r\n\r\n\r\n\r\n\r\n\r\n<h2 class=\"wp-block-heading\">Media<\/h2>\r\n\r\n\r\n\r\n<p>Si subes im\u00e1genes al sitio web, debes evitar subir im\u00e1genes con datos de ubicaci\u00f3n incrustados (GPS EXIF) incluidos. Los visitantes del sitio web pueden descargar y extraer cualquier dato de ubicaci\u00f3n de las im\u00e1genes del sitio web.<\/p>\r\n\r\n\r\n\r\n<h2 class=\"wp-block-heading\">Cookies<\/h2>\r\n<p>Cookie es un fichero que se descarga en su ordenador al acceder a determinadas p\u00e1ginas web. Las cookies permiten a una p\u00e1gina web, entre otras cosas, almacenar y recuperar informaci\u00f3n sobre los h\u00e1bitos de navegaci\u00f3n de un usuario o de su equipo y, dependiendo de la informaci\u00f3n que contengan y de la forma en que utilice su equipo, pueden utilizarse para reconocer al usuario. El navegador del usuario memoriza cookies en el disco duro solamente durante la sesi\u00f3n actual ocupando un espacio de memoria m\u00ednimo y no perjudicando al ordenador. Las cookies no contienen ninguna clase de informaci\u00f3n personal espec\u00edfica, y la mayor\u00eda de las mismas se borran del disco duro al finalizar la sesi\u00f3n de navegador (las denominadas cookies de sesi\u00f3n).<\/p>\r\n<p>La mayor\u00eda de los navegadores aceptan como est\u00e1ndar a las cookies y, con independencia de las mismas, permiten o impiden en los ajustes de seguridad las cookies temporales o memorizadas.<\/p>\r\n<p>Sin su expreso consentimiento \u2013mediante la activaci\u00f3n de las cookies en su navegador\u2013 Asociaci\u00f3n La Z\u00e1bila no enlazar\u00e1 en las cookies los datos memorizados con sus datos personales proporcionados.<\/p>\r\n<p>Las Cookies t\u00e9cnicas son aqu\u00e9llas que permiten al usuario la navegaci\u00f3n a trav\u00e9s de una p\u00e1gina web, plataforma o aplicaci\u00f3n y la utilizaci\u00f3n de las diferentes opciones o servicios que en ella existan como, por ejemplo, controlar el tr\u00e1fico y la comunicaci\u00f3n de datos, identificar la sesi\u00f3n, acceder a partes de acceso restringido, recordar los elementos que integran un pedido, realizar el proceso de compra de un pedido, realizar la solicitud de inscripci\u00f3n o participaci\u00f3n en un evento, utilizar elementos de seguridad durante la navegaci\u00f3n, almacenar contenidos para la difusi\u00f3n de v\u00eddeos o sonido o compartir contenidos a trav\u00e9s de redes sociales.<\/p>\r\n<p>Estas cookies son estrictamente necesarias para proporcionarle los servicios disponibles a trav\u00e9s de nuestro sitio web y para utilizar algunas de sus funciones.<\/p>\r\n<p>Debido a que estas cookies son estrictamente necesarias para utilizar el sitio web, no puede rechazarlas sin afectar el funcionamiento de nuestro sitio. Puede bloquearlas o eliminarlas cambiando la configuraci\u00f3n de su navegador y forzando el bloqueo de todas las cookies en este sitio web.<\/p>\r\n<p>El Usuario acepta expresamente, por la utilizaci\u00f3n de este Site, el tratamiento de la informaci\u00f3n recabada en la forma y con los fines anteriormente mencionados. Y asimismo reconoce conocer la posibilidad de rechazar el tratamiento de tales datos o informaci\u00f3n rechazando el uso de Cookies mediante la selecci\u00f3n de la configuraci\u00f3n apropiada a tal fin en su navegador. Si bien esta opci\u00f3n de bloqueo de Cookies en su navegador puede no permitirle el uso pleno de todas las funcionalidades del Website. Si no desea que rastreemos su visita a nuestro sitio, puede deshabilitar el rastreo en su navegador.<\/p>\r\n<p>Otros servicios externos:\u00a0 Tambi\u00e9n utilizamos diferentes servicios externos como Google Webfonts, Google Maps y proveedores de video externos. Dado que estos proveedores pueden recopilar datos personales como su direcci\u00f3n IP, le permitimos bloquearlos. Tenga en cuenta que esto podr\u00eda reducir considerablemente la funcionalidad y el aspecto de nuestro sitio. Los cambios entrar\u00e1n en vigor una vez que vuelva a cargar la p\u00e1gina.<\/p>\r\n<p>Si deja un comentario en nuestro sitio, puede optar por guardar su nombre, direcci\u00f3n de correo electr\u00f3nico y sitio web en cookies. Estos son para su comodidad, para que no tenga que volver a rellenar sus datos cuando deje otro comentario. Estas cookies tendr\u00e1n una duraci\u00f3n de un a\u00f1o.<\/p>\r\n<p>Si visita nuestra p\u00e1gina de inicio de sesi\u00f3n, estableceremos una cookie temporal para determinar si su navegador acepta cookies. Esta cookie no contiene datos personales y se descarta cuando cierra su navegador.<\/p>\r\n<p>Cuando inicie sesi\u00f3n, tambi\u00e9n configuraremos varias cookies para guardar su informaci\u00f3n de inicio de sesi\u00f3n y sus opciones de visualizaci\u00f3n de pantalla. Las cookies de inicio de sesi\u00f3n duran dos d\u00edas y las cookies de opciones de pantalla duran un a\u00f1o. Si selecciona \u00abRecordarme\u00bb, su inicio de sesi\u00f3n persistir\u00e1 durante dos semanas. Si cierra sesi\u00f3n en su cuenta, se eliminar\u00e1n las cookies de inicio de sesi\u00f3n.<\/p>\r\n<p>Si edita o publica un art\u00edculo, se guardar\u00e1 una cookie adicional en su navegador. Esta cookie no incluye datos personales y simplemente indica el ID de publicaci\u00f3n del art\u00edculo que acaba de editar. Caduca despu\u00e9s de 1 d\u00eda.<\/p>\r\n<h2>Informaci\u00f3n al usuario<\/h2>\r\n<p>La Asociaci\u00f3n de Educaci\u00f3n Ambiental La Z\u00e1bila, en adelante RESPONSABLE, es el Responsable del tratamiento de los datos personales del Usuario y le informa que estos datos ser\u00e1n tratados de conformidad con lo dispuesto en el Reglamento (UE) 2016\/679 de 27 de abril (GDPR) y la Ley Org\u00e1nica 3\/2018 de 5 de diciembre (LOPDGDD), por lo que se le facilita la siguiente informaci\u00f3n del tratamiento:<\/p>\r\n<p>Fin del tratamiento: mantener una relaci\u00f3n comercial con el Usuario. Las operaciones previstas para realizar el tratamiento son:<\/p>\r\n<p>Remisi\u00f3n de comunicaciones comerciales publicitarias por email, fax, SMS, MMS, comunidades sociales o cualquier otro medio electr\u00f3nico o f\u00edsico, presente o futuro, que posibilite realizar comunicaciones comerciales. Estas comunicaciones ser\u00e1n realizadas por el RESPONSABLE y relacionadas sobre sus productos y servicios, o de sus colaboradores o proveedores con los que \u00e9ste haya alcanzado alg\u00fan acuerdo de promoci\u00f3n. En este caso, los terceros nunca tendr\u00e1n acceso a los datos personales.<br \/>Realizar estudios estad\u00edsticos.<br \/>Tramitar encargos, solicitudes o cualquier tipo de petici\u00f3n que sea realizada por el usuario a trav\u00e9s de cualquiera de las formas de contacto que se ponen a su disposici\u00f3n.<br \/>Remitir el bolet\u00edn de noticias de la p\u00e1gina web.<\/p>\r\n<p>Base jur\u00eddica del tratamiento: consentimiento del interesado.<\/p>\r\n<p>Criterios de conservaci\u00f3n de los datos: se conservar\u00e1n durante no m\u00e1s tiempo del necesario para mantener el fin del tratamiento y cuando ya no sea necesario para tal fin, se suprimir\u00e1n con medidas de seguridad adecuadas para garantizar la seudonimizaci\u00f3n de los datos o la destrucci\u00f3n total de los mismos.<\/p>\r\n<p>Comunicaci\u00f3n de los datos: No se comunicar\u00e1n los datos a terceros, salvo obligaci\u00f3n legal.<\/p>\r\n<p>Derechos que asisten al Usuario:<\/p>\r\n<p>Derecho a retirar el consentimiento en cualquier momento.<br \/>Derecho de acceso, rectificaci\u00f3n, portabilidad y supresi\u00f3n de sus datos y a la limitaci\u00f3n u oposici\u00f3n al su tratamiento.<br \/>Derecho a presentar una reclamaci\u00f3n ante la autoridad de control (www.aepd.es) si considera que el tratamiento no se ajusta a la normativa vigente.<\/p>\r\n<p>Datos de contacto para ejercer sus derechos:<\/p>\r\n<p>ASOCIACI\u00d3N DE EDUCACI\u00d3N AMBIENTAL LA Z\u00c1BILA. AVENIDA BLAS INFANTE, 2 &#8211; 04006 &#8211; ALMER\u00cdA<br \/>Email: lazabilaedam@hotmail.com<\/p>\r\n<h2>Car\u00e1cter obligatorio o facultativo de la informaci\u00f3n facilitada por el usuario<\/h2>\r\n<p>Los Usuarios, mediante la marcaci\u00f3n de las casillas correspondientes y entrada de datos en los campos, marcados con un asterisco (*) en el formulario de contacto o presentados en formularios de descarga, aceptan expresamente y de forma libre e inequ\u00edvoca, que sus datos son necesarios para atender su petici\u00f3n, por parte del prestador, siendo voluntaria la inclusi\u00f3n de datos en los campos restantes. El Usuario garantiza que los datos personales facilitados al RESPONSABLE son veraces y se hace responsable de comunicar cualquier modificaci\u00f3n de los mismos.<\/p>\r\n<p>El RESPONSABLE informa y garantiza expresamente a los usuarios que sus datos personales no ser\u00e1n cedidos en ning\u00fan caso a terceros, y que siempre que realizara alg\u00fan tipo de cesi\u00f3n de datos personales, se pedir\u00e1 previamente el consentimiento expreso, informado e inequ\u00edvoco por parte los Usuarios. Todos los datos solicitados a trav\u00e9s del sitio web son obligatorios, ya que son necesarios para la prestaci\u00f3n de un servicio \u00f3ptimo al Usuario. En caso de que no sean facilitados todos los datos, no se garantiza que la informaci\u00f3n y servicios facilitados sean completamente ajustados a sus necesidades.<\/p>\r\n<h2>Medidas de seguridad<\/h2>\r\n<p>Que de conformidad con lo dispuesto en las normativas vigentes en protecci\u00f3n de datos personales, el RESPONSABLE est\u00e1 cumpliendo con todas las disposiciones de las normativas GDPR para el tratamiento de los datos personales de su responsabilidad, y manifiestamente con los principios descritos en el art\u00edculo 5 del GDPR, por los cuales son tratados de manera l\u00edcita, leal y transparente en relaci\u00f3n con el interesado y adecuados, pertinentes y limitados a lo necesario en relaci\u00f3n con los fines para los que son tratados.<\/p>\r\n<p>El RESPONSABLE garantiza que ha implementado pol\u00edticas t\u00e9cnicas y organizativas apropiadas para aplicar las medidas de seguridad que establecen el GDPR con el fin de proteger los derechos y libertades de los Usuarios y les ha comunicado la informaci\u00f3n adecuada para que puedan ejercerlos.<\/p>\r\n<h2>Otra informaci\u00f3n:\u00a0<\/h2>\r\n<p><br \/>Puede usted permitir, bloquear o eliminar las cookies instaladas en su equipo mediante la configuraci\u00f3n de las opciones del navegador instalado en su ordenador.<\/p>\r\n<p>Si tiene dudas sobre esta pol\u00edtica de cookies, puede contactar con Asociaci\u00f3n Educaci\u00f3n Ambiental La Z\u00e1bila en lazabilaedam@hotmail.com<\/p>\r\n\r\n\r\n\r\n\r\n\r\n<p>&nbsp;<\/p>\r\n<p>&nbsp;<\/p>\r\n","protected":false},"excerpt":{"rendered":"<p>Qui\u00e9nes somos La direcci\u00f3n de nuestro sitio web es: https:\/\/www.lamemoriadelcabo.com. Sobre comentarios Cuando los visitantes dejan comentarios en el sitio, recopilamos los datos que se muestran en el formulario de comentarios, y tambi\u00e9n la direcci\u00f3n IP del visitante y la cadena del agente de usuario del navegador para ayudar a la detecci\u00f3n de spam. Media [&hellip;]<\/p>\n","protected":false},"author":1,"featured_media":0,"parent":0,"menu_order":0,"comment_status":"closed","ping_status":"closed","template":"","meta":{"footnotes":""},"class_list":["post-3","page","type-page","status-publish","hentry"],"_links":{"self":[{"href":"https:\/\/www.lamemoriadelcabo.com\/index.php\/wp-json\/wp\/v2\/pages\/3","targetHints":{"allow":["GET"]}}],"collection":[{"href":"https:\/\/www.lamemoriadelcabo.com\/index.php\/wp-json\/wp\/v2\/pages"}],"about":[{"href":"https:\/\/www.lamemoriadelcabo.com\/index.php\/wp-json\/wp\/v2\/types\/page"}],"author":[{"embeddable":true,"href":"https:\/\/www.lamemoriadelcabo.com\/index.php\/wp-json\/wp\/v2\/users\/1"}],"replies":[{"embeddable":true,"href":"https:\/\/www.lamemoriadelcabo.com\/index.php\/wp-json\/wp\/v2\/comments?post=3"}],"version-history":[{"count":4,"href":"https:\/\/www.lamemoriadelcabo.com\/index.php\/wp-json\/wp\/v2\/pages\/3\/revisions"}],"predecessor-version":[{"id":1062,"href":"https:\/\/www.lamemoriadelcabo.com\/index.php\/wp-json\/wp\/v2\/pages\/3\/revisions\/1062"}],"wp:attachment":[{"href":"https:\/\/www.lamemoriadelcabo.com\/index.php\/wp-json\/wp\/v2\/media?parent=3"}],"curies":[{"name":"wp","href":"https:\/\/api.w.org\/{rel}","templated":true}]}}

Política privacidad y seguridad

<h2 class="wp-block-heading">Quiénes somos</h2>



<p>La dirección de nuestro sitio web es: https://www.lamemoriadelcabo.com.</p>



<h2 class="wp-block-heading">Sobre comentarios</h2>
<p>Cuando los visitantes dejan comentarios en el sitio, recopilamos los datos que se muestran en el formulario de comentarios, y también la dirección IP del visitante y la cadena del agente de usuario del navegador para ayudar a la detección de spam.</p>





<h2 class="wp-block-heading">Media</h2>



<p>Si subes imágenes al sitio web, debes evitar subir imágenes con datos de ubicación incrustados (GPS EXIF) incluidos. Los visitantes del sitio web pueden descargar y extraer cualquier dato de ubicación de las imágenes del sitio web.</p>



<h2 class="wp-block-heading">Cookies</h2>
<p>Cookie es un fichero que se descarga en su ordenador al acceder a determinadas páginas web. Las cookies permiten a una página web, entre otras cosas, almacenar y recuperar información sobre los hábitos de navegación de un usuario o de su equipo y, dependiendo de la información que contengan y de la forma en que utilice su equipo, pueden utilizarse para reconocer al usuario. El navegador del usuario memoriza cookies en el disco duro solamente durante la sesión actual ocupando un espacio de memoria mínimo y no perjudicando al ordenador. Las cookies no contienen ninguna clase de información personal específica, y la mayoría de las mismas se borran del disco duro al finalizar la sesión de navegador (las denominadas cookies de sesión).</p>
<p>La mayoría de los navegadores aceptan como estándar a las cookies y, con independencia de las mismas, permiten o impiden en los ajustes de seguridad las cookies temporales o memorizadas.</p>
<p>Sin su expreso consentimiento –mediante la activación de las cookies en su navegador– Asociación La Zábila no enlazará en las cookies los datos memorizados con sus datos personales proporcionados.</p>
<p>Las Cookies técnicas son aquéllas que permiten al usuario la navegación a través de una página web, plataforma o aplicación y la utilización de las diferentes opciones o servicios que en ella existan como, por ejemplo, controlar el tráfico y la comunicación de datos, identificar la sesión, acceder a partes de acceso restringido, recordar los elementos que integran un pedido, realizar el proceso de compra de un pedido, realizar la solicitud de inscripción o participación en un evento, utilizar elementos de seguridad durante la navegación, almacenar contenidos para la difusión de vídeos o sonido o compartir contenidos a través de redes sociales.</p>
<p>Estas cookies son estrictamente necesarias para proporcionarle los servicios disponibles a través de nuestro sitio web y para utilizar algunas de sus funciones.</p>
<p>Debido a que estas cookies son estrictamente necesarias para utilizar el sitio web, no puede rechazarlas sin afectar el funcionamiento de nuestro sitio. Puede bloquearlas o eliminarlas cambiando la configuración de su navegador y forzando el bloqueo de todas las cookies en este sitio web.</p>
<p>El Usuario acepta expresamente, por la utilización de este Site, el tratamiento de la información recabada en la forma y con los fines anteriormente mencionados. Y asimismo reconoce conocer la posibilidad de rechazar el tratamiento de tales datos o información rechazando el uso de Cookies mediante la selección de la configuración apropiada a tal fin en su navegador. Si bien esta opción de bloqueo de Cookies en su navegador puede no permitirle el uso pleno de todas las funcionalidades del Website. Si no desea que rastreemos su visita a nuestro sitio, puede deshabilitar el rastreo en su navegador.</p>
<p>Otros servicios externos:  También utilizamos diferentes servicios externos como Google Webfonts, Google Maps y proveedores de video externos. Dado que estos proveedores pueden recopilar datos personales como su dirección IP, le permitimos bloquearlos. Tenga en cuenta que esto podría reducir considerablemente la funcionalidad y el aspecto de nuestro sitio. Los cambios entrarán en vigor una vez que vuelva a cargar la página.</p>
<p>Si deja un comentario en nuestro sitio, puede optar por guardar su nombre, dirección de correo electrónico y sitio web en cookies. Estos son para su comodidad, para que no tenga que volver a rellenar sus datos cuando deje otro comentario. Estas cookies tendrán una duración de un año.</p>
<p>Si visita nuestra página de inicio de sesión, estableceremos una cookie temporal para determinar si su navegador acepta cookies. Esta cookie no contiene datos personales y se descarta cuando cierra su navegador.</p>
<p>Cuando inicie sesión, también configuraremos varias cookies para guardar su información de inicio de sesión y sus opciones de visualización de pantalla. Las cookies de inicio de sesión duran dos días y las cookies de opciones de pantalla duran un año. Si selecciona «Recordarme», su inicio de sesión persistirá durante dos semanas. Si cierra sesión en su cuenta, se eliminarán las cookies de inicio de sesión.</p>
<p>Si edita o publica un artículo, se guardará una cookie adicional en su navegador. Esta cookie no incluye datos personales y simplemente indica el ID de publicación del artículo que acaba de editar. Caduca después de 1 día.</p>
<h2>Información al usuario</h2>
<p>La Asociación de Educación Ambiental La Zábila, en adelante RESPONSABLE, es el Responsable del tratamiento de los datos personales del Usuario y le informa que estos datos serán tratados de conformidad con lo dispuesto en el Reglamento (UE) 2016/679 de 27 de abril (GDPR) y la Ley Orgánica 3/2018 de 5 de diciembre (LOPDGDD), por lo que se le facilita la siguiente información del tratamiento:</p>
<p>Fin del tratamiento: mantener una relación comercial con el Usuario. Las operaciones previstas para realizar el tratamiento son:</p>
<p>Remisión de comunicaciones comerciales publicitarias por email, fax, SMS, MMS, comunidades sociales o cualquier otro medio electrónico o físico, presente o futuro, que posibilite realizar comunicaciones comerciales. Estas comunicaciones serán realizadas por el RESPONSABLE y relacionadas sobre sus productos y servicios, o de sus colaboradores o proveedores con los que éste haya alcanzado algún acuerdo de promoción. En este caso, los terceros nunca tendrán acceso a los datos personales.<br />Realizar estudios estadísticos.<br />Tramitar encargos, solicitudes o cualquier tipo de petición que sea realizada por el usuario a través de cualquiera de las formas de contacto que se ponen a su disposición.<br />Remitir el boletín de noticias de la página web.</p>
<p>Base jurídica del tratamiento: consentimiento del interesado.</p>
<p>Criterios de conservación de los datos: se conservarán durante no más tiempo del necesario para mantener el fin del tratamiento y cuando ya no sea necesario para tal fin, se suprimirán con medidas de seguridad adecuadas para garantizar la seudonimización de los datos o la destrucción total de los mismos.</p>
<p>Comunicación de los datos: No se comunicarán los datos a terceros, salvo obligación legal.</p>
<p>Derechos que asisten al Usuario:</p>
<p>Derecho a retirar el consentimiento en cualquier momento.<br />Derecho de acceso, rectificación, portabilidad y supresión de sus datos y a la limitación u oposición al su tratamiento.<br />Derecho a presentar una reclamación ante la autoridad de control (www.aepd.es) si considera que el tratamiento no se ajusta a la normativa vigente.</p>
<p>Datos de contacto para ejercer sus derechos:</p>
<p>ASOCIACIÓN DE EDUCACIÓN AMBIENTAL LA ZÁBILA. AVENIDA BLAS INFANTE, 2 &#8211; 04006 &#8211; ALMERÍA<br />Email: lazabilaedam@hotmail.com</p>
<h2>Carácter obligatorio o facultativo de la información facilitada por el usuario</h2>
<p>Los Usuarios, mediante la marcación de las casillas correspondientes y entrada de datos en los campos, marcados con un asterisco (*) en el formulario de contacto o presentados en formularios de descarga, aceptan expresamente y de forma libre e inequívoca, que sus datos son necesarios para atender su petición, por parte del prestador, siendo voluntaria la inclusión de datos en los campos restantes. El Usuario garantiza que los datos personales facilitados al RESPONSABLE son veraces y se hace responsable de comunicar cualquier modificación de los mismos.</p>
<p>El RESPONSABLE informa y garantiza expresamente a los usuarios que sus datos personales no serán cedidos en ningún caso a terceros, y que siempre que realizara algún tipo de cesión de datos personales, se pedirá previamente el consentimiento expreso, informado e inequívoco por parte los Usuarios. Todos los datos solicitados a través del sitio web son obligatorios, ya que son necesarios para la prestación de un servicio óptimo al Usuario. En caso de que no sean facilitados todos los datos, no se garantiza que la información y servicios facilitados sean completamente ajustados a sus necesidades.</p>
<h2>Medidas de seguridad</h2>
<p>Que de conformidad con lo dispuesto en las normativas vigentes en protección de datos personales, el RESPONSABLE está cumpliendo con todas las disposiciones de las normativas GDPR para el tratamiento de los datos personales de su responsabilidad, y manifiestamente con los principios descritos en el artículo 5 del GDPR, por los cuales son tratados de manera lícita, leal y transparente en relación con el interesado y adecuados, pertinentes y limitados a lo necesario en relación con los fines para los que son tratados.</p>
<p>El RESPONSABLE garantiza que ha implementado políticas técnicas y organizativas apropiadas para aplicar las medidas de seguridad que establecen el GDPR con el fin de proteger los derechos y libertades de los Usuarios y les ha comunicado la información adecuada para que puedan ejercerlos.</p>
<h2>Otra información: </h2>
<p><br />Puede usted permitir, bloquear o eliminar las cookies instaladas en su equipo mediante la configuración de las opciones del navegador instalado en su ordenador.</p>
<p>Si tiene dudas sobre esta política de cookies, puede contactar con Asociación Educación Ambiental La Zábila en lazabilaedam@hotmail.com</p>





<p>&nbsp;</p>
<p>&nbsp;</p>

<p>Quiénes somos La dirección de nuestro sitio web es: https://www.lamemoriadelcabo.com. Sobre comentarios Cuando los visitantes dejan comentarios en el sitio, recopilamos los datos que se muestran en el formulario de comentarios, y también la dirección IP del visitante y la cadena del agente de usuario del navegador para ayudar a la detección de spam. Media [&hellip;]</p>
