{"id":951,"date":"2022-08-03T12:32:56","date_gmt":"2022-08-03T12:32:56","guid":{"rendered":"https:\/\/www.lamemoriadelcabo.com\/?page_id=951"},"modified":"2022-08-17T11:14:00","modified_gmt":"2022-08-17T11:14:00","slug":"testimonios","status":"publish","type":"page","link":"https:\/\/www.lamemoriadelcabo.com\/index.php\/testimonios\/","title":{"rendered":"TESTIMONIOS"},"content":{"rendered":"<div id='av_section_1'  class='avia-section av-s5wqf-c79a759f55626f96e0d0fcab0043b237 main_color avia-section-huge avia-no-shadow  avia-builder-el-0  avia-builder-el-no-sibling  avia-bg-style-scroll container_wrap fullsize'  ><div class='container av-section-cont-open' ><main  role=\"main\" itemprop=\"mainContentOfPage\"  class='template-page content  av-content-full alpha units'><div class='post-entry post-entry-type-page post-entry-951'><div class='entry-content-wrapper clearfix'>\n\n<style type=\"text\/css\" data-created_by=\"avia_inline_auto\" id=\"style-css-av-jcran-64aa05041c649141c521663894efc67d\">\n#top .flex_column.av-jcran-64aa05041c649141c521663894efc67d{\nmargin-top:0px;\nmargin-bottom:0px;\n}\n.flex_column.av-jcran-64aa05041c649141c521663894efc67d{\nborder-radius:0px 0px 0px 0px;\n-webkit-border-radius:0px 0px 0px 0px;\n-moz-border-radius:0px 0px 0px 0px;\n}\n.responsive #top #wrap_all .flex_column.av-jcran-64aa05041c649141c521663894efc67d{\nmargin-top:0px;\nmargin-bottom:0px;\n}\n<\/style>\n<div class='flex_column av-jcran-64aa05041c649141c521663894efc67d av_one_full  avia-builder-el-1  avia-builder-el-no-sibling  first flex_column_div  av-animated-generic fade-in av-zero-column-padding '   ><p>\n<style type=\"text\/css\" data-created_by=\"avia_inline_auto\" id=\"style-css-av-l6dl8xlk-e713db977c95a1bcfc70409f6edde126\">\n#top .av-special-heading.av-l6dl8xlk-e713db977c95a1bcfc70409f6edde126{\nmargin:00px 0 20px 0;\npadding-bottom:0px;\nfont-size:80px;\n}\nbody .av-special-heading.av-l6dl8xlk-e713db977c95a1bcfc70409f6edde126 .av-special-heading-tag .heading-char{\nfont-size:25px;\n}\n#top #wrap_all .av-special-heading.av-l6dl8xlk-e713db977c95a1bcfc70409f6edde126 .av-special-heading-tag{\nfont-size:80px;\n}\n.av-special-heading.av-l6dl8xlk-e713db977c95a1bcfc70409f6edde126 .av-subheading{\nfont-size:15px;\n}\n\n@media only screen and (max-width: 479px){ \n#top #wrap_all .av-special-heading.av-l6dl8xlk-e713db977c95a1bcfc70409f6edde126 .av-special-heading-tag{\nfont-size:60px;\n}\n}\n<\/style>\n<div  class='av-special-heading av-l6dl8xlk-e713db977c95a1bcfc70409f6edde126 av-special-heading-h3 blockquote modern-quote  avia-builder-el-2  el_before_av_textblock  avia-builder-el-first  av-inherit-size'><h3 class='av-special-heading-tag'  itemprop=\"headline\"  >Testimonios<\/h3><div class=\"special-heading-border\"><div class=\"special-heading-inner-border\"><\/div><\/div><\/div><br \/>\n<section  class='av_textblock_section av-l6dla8us-f94dceb106b680b3592290c37dd194fd'  itemscope=\"itemscope\" itemtype=\"https:\/\/schema.org\/CreativeWork\" ><div class='avia_textblock'  itemprop=\"text\" ><p>Los distintos testimonios son patrimonio inmaterial de gran fragilidad que merece ser puesto en valor, ese es el prop\u00f3sito de este proyecto documental.<\/p>\n<\/div><\/section><br \/>\n\n<style type=\"text\/css\" data-created_by=\"avia_inline_auto\" id=\"style-css-av-hrsdb-d36eee4d3298184721f37efef56d27d8\">\n#top .hr.hr-invisible.av-hrsdb-d36eee4d3298184721f37efef56d27d8{\nheight:50px;\n}\n<\/style>\n<div  class='hr av-hrsdb-d36eee4d3298184721f37efef56d27d8 hr-invisible  avia-builder-el-4  el_after_av_textblock  el_before_av_masonry_entries  avia-builder-el-last '><span class='hr-inner '><span class=\"hr-inner-style\"><\/span><\/span><\/div><br \/>\n<div id='av-masonry-1' class='av-masonry av-6x8yf-75cd82dfb3c5e37b99bd1a9d3ed8c144 noHover av-fixed-size av-large-gap av-hover-overlay- av-masonry-animation-active av-masonry-col-5 av-caption-always av-caption-style- av-masonry-entries av-medium-columns-overwrite av-medium-columns-3 av-orientation-square '><div class=\"av-masonry-container isotope av-js-disabled\"><div class='av-masonry-entry isotope-item av-masonry-item-no-image '><\/div><a href=\"https:\/\/www.lamemoriadelcabo.com\/index.php\/portfolio-item\/a-dummy-portfolio-entry-2\/\"  id='av-masonry-1-item-604' data-av-masonry-item='604' class='av-masonry-entry isotope-item post-604 portfolio type-portfolio status-publish has-post-thumbnail hentry tag-almadraba tag-cine tag-emigracion tag-esparto tag-familias-terratenientes tag-faro tag-michelin tag-mineria tag-parque-natural tag-pesca tag-pueblo tag-salinas portfolio_entries-inicio portfolio_entries-las-localizaciones  av-masonry-item-with-image' title=\"LA SALINAS, POR LA SE\u00d1ORA JOSEFA ROPERO\"  itemscope=\"itemscope\" itemtype=\"https:\/\/schema.org\/CreativeWork\" ><div class='av-inner-masonry-sizer'><\/div><figure class='av-inner-masonry main_color'><div class=\"av-masonry-outerimage-container\"><div class='av-masonry-image-container' style=\"background-image: url(https:\/\/www.lamemoriadelcabo.com\/wp-content\/uploads\/2018\/04\/Casas_Salinas01-705x666.jpg);\"  ><\/div><\/div><\/figure><\/a><!--end av-masonry entry--><a href=\"https:\/\/www.lamemoriadelcabo.com\/index.php\/portfolio-item\/a-dummy-portfolio-entry-4\/\"  id='av-masonry-1-item-602' data-av-masonry-item='602' class='av-masonry-entry isotope-item post-602 portfolio type-portfolio status-publish has-post-thumbnail hentry tag-almadraba tag-cine tag-emigracion tag-esparto tag-familias-terratenientes tag-faro tag-michelin tag-mineria tag-parque-natural tag-pesca tag-pueblo tag-salinas portfolio_entries-inicio portfolio_entries-las-localizaciones  av-masonry-item-with-image' title=\"LA HISTORIA DE LA PESCA DE CABO DE GATA, POR ANTONIO \u201cEL BARBAS\u201d\"  itemscope=\"itemscope\" itemtype=\"https:\/\/schema.org\/CreativeWork\" ><div class='av-inner-masonry-sizer'><\/div><figure class='av-inner-masonry main_color'><div class=\"av-masonry-outerimage-container\"><div class='av-masonry-image-container' style=\"background-image: url(https:\/\/www.lamemoriadelcabo.com\/wp-content\/uploads\/2022\/08\/Antonio-Gandolfo_09-705x705.jpg);\"  ><\/div><\/div><\/figure><\/a><!--end av-masonry entry--><a href=\"https:\/\/www.lamemoriadelcabo.com\/index.php\/portfolio-item\/a-dummy-portfolio-entry-6\/\"  id='av-masonry-1-item-600' data-av-masonry-item='600' class='av-masonry-entry isotope-item post-600 portfolio type-portfolio status-publish has-post-thumbnail hentry tag-almadraba tag-cine tag-emigracion tag-esparto tag-familias-terratenientes tag-faro tag-michelin tag-mineria tag-parque-natural tag-pesca tag-pueblo tag-salinas portfolio_entries-inicio portfolio_entries-las-localizaciones  av-masonry-item-with-image' title=\"DE MICHEL\u00cdN, DE LA FOTOGRAF\u00cdA Y DE LA VIDA DE CABO DE GATA\"  itemscope=\"itemscope\" itemtype=\"https:\/\/schema.org\/CreativeWork\" ><div class='av-inner-masonry-sizer'><\/div><figure class='av-inner-masonry main_color'><div class=\"av-masonry-outerimage-container\"><div class='av-masonry-image-container' style=\"background-image: url(https:\/\/www.lamemoriadelcabo.com\/wp-content\/uploads\/2022\/07\/Angel_01-705x705.jpg);\"  ><\/div><\/div><\/figure><\/a><!--end av-masonry entry--><a href=\"https:\/\/www.lamemoriadelcabo.com\/index.php\/portfolio-item\/a-dummy-portfolio-entry-8\/\"  id='av-masonry-1-item-598' data-av-masonry-item='598' class='av-masonry-entry isotope-item post-598 portfolio type-portfolio status-publish has-post-thumbnail hentry tag-almadraba tag-cine tag-emigracion tag-esparto tag-familias-terratenientes tag-faro tag-michelin tag-mineria tag-parque-natural tag-pesca tag-pueblo tag-salinas portfolio_entries-inicio portfolio_entries-las-localizaciones  av-masonry-item-with-image' title=\"HISTORIAS DE UN MARINERO EN TIERRA\"  itemscope=\"itemscope\" itemtype=\"https:\/\/schema.org\/CreativeWork\" ><div class='av-inner-masonry-sizer'><\/div><figure class='av-inner-masonry main_color'><div class=\"av-masonry-outerimage-container\"><div class='av-masonry-image-container' style=\"background-image: url(https:\/\/www.lamemoriadelcabo.com\/wp-content\/uploads\/2018\/04\/Sellos_ARodriguez01-e1659954805975-657x705.jpg);\"  ><\/div><\/div><\/figure><\/a><!--end av-masonry entry--><a href=\"https:\/\/www.lamemoriadelcabo.com\/index.php\/portfolio-item\/a-dummy-portfolio-entry-10\/\"  id='av-masonry-1-item-596' data-av-masonry-item='596' class='av-masonry-entry isotope-item post-596 portfolio type-portfolio status-publish has-post-thumbnail hentry tag-almadraba tag-cine tag-emigracion tag-esparto tag-familias-terratenientes tag-faro tag-michelin tag-mineria tag-parque-natural tag-pesca tag-pueblo tag-salinas portfolio_entries-inicio portfolio_entries-las-localizaciones  av-masonry-item-with-image' title=\"M\u00c1S DE TRES D\u00c9CADAS DEL PARQUE NATURAL CABO DE GATA-N\u00cdJAR\"  itemscope=\"itemscope\" itemtype=\"https:\/\/schema.org\/CreativeWork\" ><div class='av-inner-masonry-sizer'><\/div><figure class='av-inner-masonry main_color'><div class=\"av-masonry-outerimage-container\"><div class='av-masonry-image-container' style=\"background-image: url(https:\/\/www.lamemoriadelcabo.com\/wp-content\/uploads\/2018\/04\/ParqueNatural01-705x705.jpg);\"  ><\/div><\/div><\/figure><\/a><!--end av-masonry entry--><a href=\"https:\/\/www.lamemoriadelcabo.com\/index.php\/portfolio-item\/joaquin-perez-rull-o-aquel-nino-de-cabo-de-gata\/\"  id='av-masonry-1-item-1163' data-av-masonry-item='1163' class='av-masonry-entry isotope-item post-1163 portfolio type-portfolio status-publish has-post-thumbnail hentry tag-almadraba tag-cine tag-emigracion tag-esparto tag-familias-terratenientes tag-faro tag-michelin tag-mineria tag-parque-natural tag-pesca tag-pueblo tag-salinas portfolio_entries-inicio portfolio_entries-las-localizaciones  av-masonry-item-with-image' title=\"JOAQU\u00cdN P\u00c9REZ RULL O AQUEL NI\u00d1O DE CABO DE GATA\"  itemscope=\"itemscope\" itemtype=\"https:\/\/schema.org\/CreativeWork\" ><div class='av-inner-masonry-sizer'><\/div><figure class='av-inner-masonry main_color'><div class=\"av-masonry-outerimage-container\"><div class='av-masonry-image-container' style=\"background-image: url(https:\/\/www.lamemoriadelcabo.com\/wp-content\/uploads\/2022\/08\/Joaquin_Pere14-705x705.jpg);\"  ><\/div><\/div><\/figure><\/a><!--end av-masonry entry--><a href=\"https:\/\/www.lamemoriadelcabo.com\/index.php\/portfolio-item\/a-dummy-portfolio-entry-12\/\"  id='av-masonry-1-item-594' data-av-masonry-item='594' class='av-masonry-entry isotope-item post-594 portfolio type-portfolio status-publish has-post-thumbnail hentry tag-almadraba tag-cine tag-emigracion tag-esparto tag-familias-terratenientes tag-faro tag-michelin tag-mineria tag-parque-natural tag-pesca tag-pueblo tag-salinas portfolio_entries-inicio portfolio_entries-las-localizaciones  av-masonry-item-with-image' title=\"CABO DE GATA, LOS GANDOLFO Y LA VIDA EN LOS FAROS\"  itemscope=\"itemscope\" itemtype=\"https:\/\/schema.org\/CreativeWork\" ><div class='av-inner-masonry-sizer'><\/div><figure class='av-inner-masonry main_color'><div class=\"av-masonry-outerimage-container\"><div class='av-masonry-image-container' style=\"background-image: url(https:\/\/www.lamemoriadelcabo.com\/wp-content\/uploads\/2022\/08\/faro_aereobn-705x367.jpg);\"  ><\/div><\/div><\/figure><\/a><!--end av-masonry entry--><a href=\"https:\/\/www.lamemoriadelcabo.com\/index.php\/portfolio-item\/joaquin-sanchez-arriero-y-mil-cosas-mas\/\"  id='av-masonry-1-item-1283' data-av-masonry-item='1283' class='av-masonry-entry isotope-item post-1283 portfolio type-portfolio status-publish has-post-thumbnail hentry tag-almadraba tag-cine tag-emigracion tag-esparto tag-familias-terratenientes tag-faro tag-michelin tag-mineria tag-parque-natural tag-pesca tag-pueblo tag-salinas portfolio_entries-inicio portfolio_entries-las-localizaciones  av-masonry-item-with-image' title=\"JOAQU\u00cdN S\u00c1NCHEZ, ARRIERO Y MIL COSAS M\u00c1S\"  itemscope=\"itemscope\" itemtype=\"https:\/\/schema.org\/CreativeWork\" ><div class='av-inner-masonry-sizer'><\/div><figure class='av-inner-masonry main_color'><div class=\"av-masonry-outerimage-container\"><div class='av-masonry-image-container' style=\"background-image: url(https:\/\/www.lamemoriadelcabo.com\/wp-content\/uploads\/2022\/08\/Joaquin_Sanchez01-705x705.jpg);\"  ><\/div><\/div><\/figure><\/a><!--end av-masonry entry--><a href=\"https:\/\/www.lamemoriadelcabo.com\/index.php\/portfolio-item\/paco-marquez-un-nino-de-las-salinas\/\"  id='av-masonry-1-item-1299' data-av-masonry-item='1299' class='av-masonry-entry isotope-item post-1299 portfolio type-portfolio status-publish has-post-thumbnail hentry tag-almadraba tag-cine tag-emigracion tag-esparto tag-familias-terratenientes tag-faro tag-michelin tag-mineria tag-parque-natural tag-pesca tag-pueblo tag-salinas portfolio_entries-inicio portfolio_entries-las-localizaciones  av-masonry-item-with-image' title=\"PACO M\u00c1RQUEZ, UN NI\u00d1O DE LAS SALINAS\"  itemscope=\"itemscope\" itemtype=\"https:\/\/schema.org\/CreativeWork\" ><div class='av-inner-masonry-sizer'><\/div><figure class='av-inner-masonry main_color'><div class=\"av-masonry-outerimage-container\"><div class='av-masonry-image-container' style=\"background-image: url(https:\/\/www.lamemoriadelcabo.com\/wp-content\/uploads\/2022\/07\/Paco_Marquez10bn.jpeg-705x451.jpg);\"  ><\/div><\/div><\/figure><\/a><!--end av-masonry entry--><a href=\"https:\/\/www.lamemoriadelcabo.com\/index.php\/portfolio-item\/luis-rodriguez-el-chato-como-referencia\/\"  id='av-masonry-1-item-1308' data-av-masonry-item='1308' class='av-masonry-entry isotope-item post-1308 portfolio type-portfolio status-publish has-post-thumbnail hentry tag-almadraba tag-cine tag-emigracion tag-esparto tag-familias-terratenientes tag-faro tag-michelin tag-mineria tag-parque-natural tag-pesca tag-pueblo tag-salinas portfolio_entries-inicio portfolio_entries-las-localizaciones  av-masonry-item-with-image' title=\"LUIS RODR\u00cdGUEZ (\u201cEL CHATO\u201d) COMO REFERENCIA\"  itemscope=\"itemscope\" itemtype=\"https:\/\/schema.org\/CreativeWork\" ><div class='av-inner-masonry-sizer'><\/div><figure class='av-inner-masonry main_color'><div class=\"av-masonry-outerimage-container\"><div class='av-masonry-image-container' style=\"background-image: url(https:\/\/www.lamemoriadelcabo.com\/wp-content\/uploads\/2022\/08\/Luis_Rodriguez07bn-705x387.jpg);\"  ><\/div><\/div><\/figure><\/a><!--end av-masonry entry--><a href=\"https:\/\/www.lamemoriadelcabo.com\/index.php\/portfolio-item\/macarena-molina-hernandez-y-cabo-de-gata\/\"  id='av-masonry-1-item-1334' data-av-masonry-item='1334' class='av-masonry-entry isotope-item post-1334 portfolio type-portfolio status-publish has-post-thumbnail hentry tag-almadraba tag-cine tag-emigracion tag-esparto tag-familias-terratenientes tag-faro tag-michelin tag-mineria tag-parque-natural tag-pesca tag-pueblo tag-salinas portfolio_entries-inicio portfolio_entries-las-localizaciones  av-masonry-item-with-image' title=\"MACARENA MOLINA HERN\u00c1NDEZ Y CABO DE GATA\"  itemscope=\"itemscope\" itemtype=\"https:\/\/schema.org\/CreativeWork\" ><div class='av-inner-masonry-sizer'><\/div><figure class='av-inner-masonry main_color'><div class=\"av-masonry-outerimage-container\"><div class='av-masonry-image-container' style=\"background-image: url(https:\/\/www.lamemoriadelcabo.com\/wp-content\/uploads\/2022\/08\/Macarena_07-705x705.jpg);\"  ><\/div><\/div><\/figure><\/a><!--end av-masonry entry--><\/div><\/div><\/p><\/div>\n","protected":false},"excerpt":{"rendered":"","protected":false},"author":2,"featured_media":0,"parent":0,"menu_order":0,"comment_status":"closed","ping_status":"closed","template":"","meta":{"footnotes":""},"class_list":["post-951","page","type-page","status-publish","hentry"],"_links":{"self":[{"href":"https:\/\/www.lamemoriadelcabo.com\/index.php\/wp-json\/wp\/v2\/pages\/951","targetHints":{"allow":["GET"]}}],"collection":[{"href":"https:\/\/www.lamemoriadelcabo.com\/index.php\/wp-json\/wp\/v2\/pages"}],"about":[{"href":"https:\/\/www.lamemoriadelcabo.com\/index.php\/wp-json\/wp\/v2\/types\/page"}],"author":[{"embeddable":true,"href":"https:\/\/www.lamemoriadelcabo.com\/index.php\/wp-json\/wp\/v2\/users\/2"}],"replies":[{"embeddable":true,"href":"https:\/\/www.lamemoriadelcabo.com\/index.php\/wp-json\/wp\/v2\/comments?post=951"}],"version-history":[{"count":6,"href":"https:\/\/www.lamemoriadelcabo.com\/index.php\/wp-json\/wp\/v2\/pages\/951\/revisions"}],"predecessor-version":[{"id":1394,"href":"https:\/\/www.lamemoriadelcabo.com\/index.php\/wp-json\/wp\/v2\/pages\/951\/revisions\/1394"}],"wp:attachment":[{"href":"https:\/\/www.lamemoriadelcabo.com\/index.php\/wp-json\/wp\/v2\/media?parent=951"}],"curies":[{"name":"wp","href":"https:\/\/api.w.org\/{rel}","templated":true}]}}